 18. What is w(d)?
5
Let n(d) = -8*d + 1 + 9*d - 8 + 0*d. What is n(5)?
-2
Let c(t) = -4*t + 1. Let d be c(1). Let i(s) be the first derivative of -s**2 + 78. Calculate i(d).
6
Let u(s) = 1 - 3 + 4*s - 8*s**2 + 9*s**2. Give u(-4).
-2
Let k(u) = -12*u + 69. Let g be k(6). Let n(l) be the third derivative of l**5/60 - l**2. What is n(g)?
9
Let b(n) = 3*n**3 + 11*n**2 - 4*n + 9. Let c(d) = -d**3 - d**2 - d - 1. Let x(z) = -b(z) - 4*c(z). Let j be ((-10)/5)/((-1)/3). Calculate x(j).
7
Let h(k) = -k**3 + 4*k**2 + k + 5. Suppose x + 16 = -x - b, 0 = 2*x - 4*b - 4. Let l(u) = 1. Let s(v) = x*l(v) + h(v). Give s(4).
3
Let k(i) = -i**3 - 6*i**2 - 6*i - 7. Let c = 9 - 5. Suppose 3*a - c = 2*u, 3*a = -0*a - 2*u + 20. Let z be (-1)/((a/5)/4). Calculate k(z).
-2
Let k(d) = -11*d - 6. Suppose -f = -4*n - 2, 2*n = -f + 5*n + 3. Let y(i) = 12*i + 7. Let x(a) = f*k(a) + 5*y(a). What is x(2)?
-13
Let y(a) = 3*a. Let w(s) = -4*s + 4 + 5*s - 4. Let l(z) = 11*w(z) - 4*y(z). Calculate l(2).
-2
Let b(h) be the second derivative of -5/2*h**2 - 1/6*h**3 + h + 0. Calculate b(0).
-5
Let o(f) = -f + 17. Suppose 20 + 0 = 4*m, -3*m + 39 = 2*p. Let k be o(p). Let g(q) = q**2 - 3*q - 7. Calculate g(k).
3
Let t(k) = k**3 + 9*k**2 - 3*k - 9. Let p(f) = -10*f**2 + 6 + 2*f - 1 - f**3 + 5. Let i(c) = -4*p(c) - 5*t(c). Calculate i(-6).
-1
Suppose 4*x - c + 24 = -0*x, 12 = -2*x - 5*c. Let d(v) = -v**2 - 9*v - 9. Give d(x).
9
Let u be 3 - (0 - (-3 - -4)). Let x(c) be the second derivative of -c**2 + 0 - 1/12*c**u + c**3 + 2*c. Give x(4).
6
Let q(m) = 3*m + 2. Suppose 41 + 234 = 5*n. Let r be n/(-20) + 2/(-8). Determine q(r).
-7
Let o(j) be the third derivative of j**4/12 - j**3/3 - 2*j**2. Let k(t) = -t - 1. Let b be k(-3). Suppose 0*q = -2*q + b*r, -3*q + 2*r - 2 = 0. Calculate o(q).
-6
Let a(b) = -2 + 131*b - 263*b + 130*b. Determine a(-6).
10
Let q = 10 + -10. Let p(y) = -14*y**3 - 3*y**2 + 3*y - 16. Let d(n) = 5*n**3 + n**2 - n + 5. Let u(o) = 11*d(o) + 4*p(o). Give u(q).
-9
Let z(n) = -n - 3. Let f(q) = -2*q - 6. Let j(m) = 3*f(m) - 7*z(m). Calculate j(-7).
-4
Let d(z) = -z**3 + 6*z**2 - 6*z + 5. Let g(t) = -6*t**3 - t**2. Let a be g(-1). What is d(a)?
0
Let c(t) = t. Let p(n) = 2*n + 16. Let y(s) = -c(s) + p(s). Calculate y(0).
16
Let r(t) = t**3 - 6*t**2 + 5*t - 2. Let s(b) = -b**3 + 4*b**2 + 2*b - 3. Let v be s(4). Determine r(v).
-2
Let a(p) = -p**2 + 1. Let j = 5 + -2. Suppose j*f = 5*f. What is a(f)?
1
Let w(j) be the first derivative of -j**4/4 + 5*j**3/3 - 2*j**2 - 4*j - 1. Give w(4).
-4
Let s(d) be the first derivative of -3 + d**2 + d**3 - 1/4*d**4 - 2*d. Determine s(3).
4
Let d(q) = q**2 - q + 2. Let k(a) = -a**3 - 7*a**2 - 8*a - 3. Let w be k(-6). Let c = -5 + w. Let j = c - 2. Give d(j).
4
Let v(z) = -z**3. Let q(i) = 2*i**3 + 3*i**2 + 6*i - 1. Let d(y) = q(y) + 3*v(y). Calculate d(5).
-21
Let f(i) be the third derivative of -i**5/60 - 4*i**3/3 + 25*i**2. Determine f(0).
-8
Let q(m) = 2*m + 1. Suppose -21*h + 20 = -26*h. Calculate q(h).
-7
Let p(s) = s - 4 + 1 + 0 + 8. Determine p(-5).
0
Let a(k) = 4*k**2 + 2*k - 3*k**2 - 2*k. Give a(2).
4
Suppose -3*m - 6 = -6*m. Let v(k) be the first derivative of 1/2*k**4 - 4/3*k**3 + 2*k + k**2 + 4. Give v(m).
6
Let r(p) = 2*p. Let y be r(1). Let g(z) = z**3 - z - 5*z**2 - 3*z**2 + 2*z**y + 0*z**2 + 3. Give g(6).
-3
Let z(f) = f**3 + 3*f**2 - f - 2. Let q(y) = 3*y - 2*y + 4*y - 3*y - 1. Let s be q(-1). Calculate z(s).
1
Let v(p) = p**3 - p**2 + 1. Let g(f) = -2*f**3 + 1. Let m(k) = -g(k) + 2*v(k). Calculate m(1).
3
Suppose -4 = -2*q + q. Suppose 14 = 5*g + q. Let n(h) = 9*h**2 - g - 8*h**2 + h**3 - 1. Determine n(0).
-3
Suppose -2*z + 15 - 7 = 0. Let f(r) = 3*r - 1. Let j(d) = -13*d + 5. Let n(k) = -9*f(k) - 2*j(k). Give n(z).
-5
Let w(r) = 3*r. Let i(t) = 8*t**2 - 2*t + 1. Let n be i(1). Calculate w(n).
21
Let l(f) = 2 - 7*f**2 + 3*f**2 - 4*f - 6*f**3 + 0*f**3 - 3*f**2. Let t(y) = -11*y**3 - 13*y**2 - 7*y + 4. Let z(q) = -5*l(q) + 3*t(q). Calculate z(-2).
12
Let b(z) = -z - 4. Let j be (2 - (2 - 3))/3. Let c = j - 8. Give b(c).
3
Let u(a) = -a**2 + 3*a + 4. Let f be 180/(-16) + (-3)/(-12). Let n be (1 + 0)/(1/(-15)). Let g = f - n. Determine u(g).
0
Let y(m) = 2*m**2 - 1. Suppose -9*b + 5*b = -4. Calculate y(b).
1
Let m be (-6)/27 + 2/9. Let f(c) = 7 + m + 2 - c. Let t be f(6). Let v(q) = -q**3 + 2*q**2 + 3*q + 2. Give v(t).
2
Let g(r) = 3*r**2 + r + 1. Let u(q) = -q**2. Let s(f) = -g(f) + 2*u(f). What is s(-1)?
-5
Let b = 153 - 108. Let y = b + -27. Let k be (-2)/8 - y/(-8). Let x(f) = f**3 - 3*f**2 + f + 2. What is x(k)?
0
Let a(z) = 5*z**2 - 3*z + 4. Let q(y) = -6*y**2 + 4*y - 5. Let i(k) = 5*a(k) + 4*q(k). Determine i(-3).
6
Let z(h) = 3*h**3 + 6*h**2 + 11*h - 2. Let f(r) = 2*r**3 + 6*r**2 + 10*r - 1. Let s(d) = -4*f(d) + 3*z(d). Calculate s(7).
-2
Let w = 5 + -2. Let i(g) = 0*g**2 + 4 + w + g - 2 + g**2. What is i(0)?
5
Let h(k) = -2*k**2 - 8 - k**2 + 4*k**2 + 7*k + 14. What is h(-5)?
-4
Let o(u) = -u**2 + 6*u - 7. Let i be o(5). Let b = 6 - 5. Let q(w) = w**2 - 6 - b + 3 - w + 2. Determine q(i).
4
Let i = 3 - 1. Let c be 1 + (1 + 0 - -3). Let d(l) = -i - l + c - 1. Determine d(0).
2
Let d be -1*3 + (-10 - 1)*-1. Let f(v) = v**2 - 7*v - 8. What is f(d)?
0
Let v(z) = 7*z - 10. Let f(r) = 15*r - 21. Let x(q) = -4*f(q) + 9*v(q). Let a(y) = -y + 9. Let u be a(7). Suppose b = u*b - 4. Determine x(b).
6
Let w(n) = -4*n - 12. Let h(d) = -6*d - 18. Let p(c) = 5*h(c) - 8*w(c). What is p(-6)?
-6
Let a(t) be the first derivative of t**2/2 - t - 5. Give a(2).
1
Let d(k) be the third derivative of -k**6/120 + k**5/10 - 5*k**4/24 - k**3/3 + k**2. Let w be 2/6 - 84/(-18). Give d(w).
-2
Let i(t) = -t**2 + t + 1. Let m(y) = 2*y**2 - y - 2. Let a(x) = 13*i(x) + 6*m(x). Let v(o) be the first derivative of a(o). Calculate v(6).
-5
Let y(s) = -s**2 + 8*s - 8. Suppose -3*v - 14 = -5*v. What is y(v)?
-1
Let i(s) = 2*s**2 - 8. Let g be i(-2). Let k(u) = u**3 + u - 1. Calculate k(g).
-1
Let c(f) = -2*f**2 - 7*f - 19. Let n(j) = j**2 + 4*j + 9. Let k(l) = -3*c(l) - 7*n(l). What is k(-7)?
-6
Let h(c) = -c**3 + 6*c**2 - 3*c - 7. Suppose -3*r - 2*u - 25 = 0, r = -6*u + 2*u - 5. Let n be 4/8 + r/(-2). Determine h(n).
3
Let x be 8/5 + 4/10. Let w(p) be the third derivative of p**5/30 - p**4/24 + p**3/6 - 2*p**2. Let m(v) be the first derivative of w(v). What is m(x)?
7
Let t(n) = 5*n**3 + 2*n**2 + n - 8. Let u(v) = 9*v**3 + 5*v**2 + v - 16. Let q(z) = 11*t(z) - 6*u(z). What is q(7)?
-6
Suppose -4*q + 3*q + 4*s = -6, 5*q - s - 11 = 0. Let t(m) = 2*m + q*m - 3*m. Suppose 2*x - 3*x = 0. Give t(x).
0
Let f(h) = h**2 - 2*h. Let u = 18 + -10. Suppose 5*l + u = 9*l. Determine f(l).
0
Let w(k) = -k**3 - 9*k**2 + 2. Suppose 83*j - 88*j - 45 = 0. Determine w(j).
2
Let p be 45/(-25)*(-20)/6. Let b(l) = -l + 7 + 1 - p. Determine b(5).
-3
Let w(z) be the second derivative of -z**7/2520 + z**6/180 - z**4/6 + z. Let s(g) be the third derivative of w(g). Give s(3).
3
Let m(i) = i**3 - 9*i**2 - 9*i - 9. Let o be m(10). Let d be (o - (-2 + 3))/(-1). Let v(r) = -r**3 + r**2 - r - 2. Give v(d).
-2
Let h = -12 - -7. Let w(l) = -l**3 - 4*l**2 + 4*l - 4. Determine w(h).
1
Let s = 25 + -28. Let z(a) be the third derivative of -a**5/60 + a**3/6 + a**2. Calculate z(s).
-8
Let q(y) be the third derivative of -y**4/24 + y**3/3 + y**2. Suppose 2*a + a - 36 = 0. Let p = -10 + a. Determine q(p).
0
Let c(f) be the first derivative of f**4/24 + 4*f**3/3 - 3*f**2/2 + 3. Let o(u) be the second derivative of c(u). What is o(-6)?
2
Suppose -2*s = 3*l + 7, 0 = 2*s + s - 3. Let r(k) = 9*k + 2. Let y(u) = 5*u + 1. Let j(m) = l*r(m) + 5*y(m). Let x be -7 + 8 + 0/2. What is j(x)?
-3
Let b(g) = 5*g**3 - 4*g**2 - g - 6. Let u be ((-4)/(-6))/((-8)/12). Let x(a) = -4*a**2 + 1 + a**2 + 4*a**2. Let q(h) = u*b(h) - 6*x(h). What is q(1)?
-6
Suppose -o - 4*o + 25 = 0. Let y be (o/15)/(1/3). Let h(s) = -5*s**3 + s**2 - 3*s**3 + 2*s**3. Calculate h(y).
-5
Let o(x) = x**2 - 4*x - 2. Let c be o(5). Let w(n) be the first derivative of -n**4/4 + 4*n**3/3 - 2*n**2 + 4. What is w(c)?
-3
Let a(l) = l**3 - 5*l**2 + 6*l - 3. Suppose -15 = -6*w + w, 3*w + 3 = 3*t. What is a(t)?
5
Let d(f) = 0*f**2 + 0*f**2 + 3*f**2. Suppose -2 = -3*n - 5. Give d(n).
3
Let u(y) = -y - 2. Suppose 5*r = 4*r - 2. Let w be (-1 + 5